der when 15638 is divided by 86.
72
Calculate the remainder when 1512479 is divided by 49.
45
What is the remainder when 651 is divided by 109?
106
Calculate the remainder when 442113 is divided by 27631.
17
What is the remainder when 42158 is divided by 62?
60
Calculate the remainder when 38966 is divided by 2.
0
What is the remainder when 2670 is divided by 246?
210
Calculate the remainder when 2470 is divided by 1234.
2
Calculate the remainder when 36481 is divided by 1520.
1
What is the remainder when 1480 is divided by 666?
148
Calculate the remainder when 71636 is divided by 602.
600
What is the remainder when 2741 is divided by 175?
116
Calculate the remainder when 4494 is divided by 305.
224
Calculate the remainder when 40709 is divided by 10.
9
Calculate the remainder when 59719 is divided by 1244.
7
Calculate the remainder when 3420 is divided by 1108.
96
Calculate the remainder when 175553 is divided by 15958.
15
Calculate the remainder when 148083 is divided by 856.
851
Calculate the remainder when 1900 is divided by 48.
28
Calculate the remainder when 1932 is divided by 270.
42
Calculate the remainder when 5684 is divided by 1085.
259
Calculate the remainder when 4152 is divided by 86.
24
What is the remainder when 28028 is divided by 86?
78
Calculate the remainder when 315978 is divided by 14.
12
What is the remainder when 43468 is divided by 43386?
82
What is the remainder when 30867 is divided by 82?
35
What is the remainder when 4966376 is divided by 27?
23
Calculate the remainder when 115119 is divided by 15.
9
Calculate the remainder when 277 is divided by 143.
134
Calculate the remainder when 13553 is divided by 144.
17
What is the remainder when 1209 is divided by 68?
53
Calculate the remainder when 79159 is divided by 95.
24
Calculate the remainder when 4211 is divided by 524.
19
What is the remainder when 2598 is divided by 287?
15
Calculate the remainder when 119675 is divided by 7479.
11
What is the remainder when 71307 is divided by 167?
165
What is the remainder when 16611 is divided by 3306?
81
What is the remainder when 3566 is divided by 3234?
332
Calculate the remainder when 61643 is divided by 184.
3
What is the remainder when 2023 is divided by 319?
109
Calculate the remainder when 9053 is divided by 232.
5
What is the remainder when 3367 is divided by 1096?
79
What is the remainder when 165783 is divided by 82887?
9
What is the remainder when 92597 is divided by 68?
49
Calculate the remainder when 131845 is divided by 8.
5
Calculate the remainder when 762 is divided by 257.
248
Calculate the remainder when 4584 is divided by 94.
72
Calculate the remainder when 14451 is divided by 26.
21
What is the remainder when 2514 is divided by 627?
6
What is the remainder when 5058 is divided by 46?
44
Calculate the remainder when 91621 is divided by 91598.
23
What is the remainder when 4552 is divided by 1081?
228
Calculate the remainder when 89173 is divided by 40.
13
Calculate the remainder when 14869 is divided by 170.
79
What is the remainder when 98081 is divided by 65?
61
What is the remainder when 55128 is divided by 22?
18
Calculate the remainder when 1128 is divided by 563.
2
Calculate the remainder when 8725 is divided by 17.
4
Calculate the remainder when 1461 is divided by 118.
45
What is the remainder when 6855 is divided by 6768?
87
Calculate the remainder when 5769 is divided by 109.
101
Calculate the remainder when 972066 is divided by 23.
17
What is the remainder when 2217 is divided by 694?
135
What is the remainder when 74714 is divided by 4?
2
What is the remainder when 1199 is divided by 31?
21
Calculate the remainder when 40202 is divided by 10.
2
Calculate the remainder when 155365 is divided by 619.
615
What is the remainder when 2239 is divided by 17?
12
What is the remainder when 58956 is divided by 220?
216
What is the remainder when 1931 is divided by 1920?
11
Calculate the remainder when 3317 is divided by 76.
49
What is the remainder when 9071 is divided by 7?
6
What is the remainder when 41065 is divided by 20502?
61
What is the remainder when 791732 is divided by 233?
231
What is the remainder when 13906 is divided by 817?
17
What is the remainder when 37095 is divided by 482?
463
What is the remainder when 64525 is divided by 148?
145
Calculate the remainder when 11363 is divided by 1027.
66
Calculate the remainder when 3294 is divided by 165.
159
What is the remainder when 3396 is divided by 3?
0
Calculate the remainder when 1003 is divided by 450.
103
Calculate the remainder when 2129 is divided by 512.
81
What is the remainder when 1458 is divided by 63?
9
What is the remainder when 105951 is divided by 52975?
1
Calculate the remainder when 85887 is divided by 7156.
15
What is the remainder when 831553 is divided by 22?
19
Calculate the remainder when 75335 is divided by 2033.
114
What is the remainder when 52916 is divided by 245?
241
Calculate the remainder when 76193 is divided by 383.
359
What is the remainder when 25542 is divided by 12769?
4
What is the remainder when 43115 is divided by 16?
11
What is the remainder when 1273 is divided by 636?
1
What is the remainder when 2774 is divided by 12?
2
What is the remainder when 251701 is divided by 83895?
16
What is the remainder when 132302 is divided by 556?
530
Calculate the remainder when 16198 is divided by 139.
74
Calculate the remainder when 66019 is divided by 19.
13
Calculate the remainder when 45585 is divided by 600.
585
Calculate the remainder when 7774 is divided by 1540.
74
Calculate the remainder when 5291 is divided by 152.
123
What is the remainder when 2184476 is divided by 480?
476
What is the remainder when 459585 is divided by 103?
102
What is the remainder when 35144 is divided by 73?
31
Calculate the remainder when 3606048 is divided by 35.
33
What is the remainder when 3842 is divided by 214?
204
What is the remainder when 524 is divided by 46?
18
Calculate the remainder when 45645 is divided by 48.
45
Calculate the remainder when 1585209 is divided by 45.
39
What is the remainder when 46556 is divided by 38?
6
What is the remainder when 437 is divided by 349?
88
What is the remainder when 2731246 is divided by 10?
6
What is the remainder when 88406 is divided by 15?
11
Calculate the remainder when 33650 is divided by 127.
122
What is the remainder when 30055 is divided by 939?
7
Calculate the remainder when 1475 is divided by 307.
247
Calculate the remainder when 562 is divided by 221.
120
Calculate the remainder when 2711 is divided by 17.
8
What is the remainder when 6098 is divided by 2010?
68
What is the remainder when 288172 is divided by 29?
28
What is the remainder when 14820 is divided by 16?
4
What is the remainder when 15616 is divided by 125?
116
Calculate the remainder when 8522 is divided by 381.
140
What is the remainder when 133489 is divided by 13348?
9
Calculate the remainder when 11793 is divided by 296.
249
Calculate the remainder when 15653 is divided by 435.
428
Calculate the remainder when 138647 is divided by 27.
2
What is the remainder when 479344 is divided by 606?
604
Calculate the remainder when 564045 is divided by 1091.
1089
What is the remainder when 32185 is divided by 631?
4
What is the remainder when 3527 is divided by 72?
71
What is the remainder when 24507 is divided by 1284?
111
What is the remainder when 38531 is divided by 741?
740
What is the remainder when 769 is divided by 269?
231
What is the remainder when 45828 is divided by 899?
878
What is the remainder when 52919 is divided by 504?
503
Calculate the remainder when 3996 is divided by 284.
20
What is the remainder when 34887 is divided by 1302?
1035
What is the remainder when 57000 is divided by 31?
22
Calculate the remainder when 21359 is divided by 573.
158
Calculate the remainder when 8002 is divided by 3995.
12
Calculate the remainder when 2137 is divided by 706.
19
Calculate the remainder when 94701 is divided by 47350.
1
Calculate the remainder when 74731 is divided by 63.
13
What is the remainder when 2338 is divided by 754?
76
What is the remainder when 426363 is divided by 406?
63
What is the remainder when 26149 is divided by 1254?
1069
What is the remainder when 179936 is divided by 957?
20
What is 